Give c(0).
0
Let i(z) = -z**3 + 214*z**2 + 719*z - 62000. Determine i(216).
-8
Let j(i) = -i**3 + 74*i**2 + 2008*i - 1247. What is j(95)?
-12
Let f(u) = 70341*u - 70369. Calculate f(1).
-28
Let l(c) = c**3 - 74*c**2 + 957*c - 77435. Give l(75).
-35
Let u(m) = 43125*m + 9918746. What is u(-230)?
-4
Let u(p) = -p**3 - 5*p**2 - 15979*p - 79895. Give u(-5).
0
Let u(i) = -2*i**3 - 33*i**2 - 115*i + 156. Determine u(-10).
6
Let c(r) = r**2 + 114*r - 2364. Give c(18).
12
Let y(a) = -170*a - 314. Determine y(-3).
196
Let y(v) = 11*v**3 - 18*v**2 - 30*v - 11. Determine y(-1).
-10
Let j(r) = -5494*r + 44103. Determine j(8).
151
Let x(j) = 95*j**2 - 2391*j + 294. Determine x(25).
-106
Let c(o) = 52*o**2 + 96*o + 153. Give c(-1).
109
Let x(p) = -18*p**3 + 4*p**2 - 683*p + 2676. Determine x(4).
-1144
Let v(f) = -3*f**2 + 58251*f - 349424. Calculate v(6).
-26
Let t(z) = z**3 - 11*z**2 - 225*z + 1792. Give t(18).
10
Let d(k) = -253*k**2 - 44021*k + 174. Give d(-174).
0
Let s(a) = -1315*a + 102957. Determine s(78).
387
Let a(n) = 4*n**2 + 4541*n - 13636. What is a(3)?
23
Let b(n) = -6309*n - 37859. Calculate b(-6).
-5
Let b(s) = -22*s - 1846. What is b(-29)?
-1208
Let y(u) = -3186*u**2 + 4*u - 33. Give y(0).
-33
Let v(r) = 27*r**2 + 224*r - 35. Give v(-4).
-499
Let d(y) = 11*y**3 + 2012*y**2 - 185*y - 339. What is d(-183)?
27
Let o(j) = 916*j - 88789. Determine o(97).
63
Let b(i) = 20*i**2 + 2455*i + 9741. Give b(-4).
241
Let o(i) = 63*i**2 + 776*i - 736. Calculate o(-13).
-177
Let t(a) = 5*a**3 + 3264*a**2 - 661*a - 5253. What is t(-653)?
-29
Let u(x) = 5*x**3 + 39*x**2 - 210*x - 90. What is u(4)?
14
Let z(y) = y**3 + 43*y**2 + 260*y + 27. Determine z(-36).
-261
Let o(n) = -n**2 - 258*n + 81953. Calculate o(185).
-2
Let i(p) = -4*p**2 - 3146*p - 84859. What is i(-28)?
93
Let a(i) = -146*i**2 - 5825*i + 72. Calculate a(-40).
-528
Let i(b) = -29367*b + 763753. Calculate i(26).
211
Let d(x) = -136*x - 1870. Determine d(-14).
34
Let v(y) = 87*y**2 + 1124*y - 34. Determine v(-13).
57
Let h(o) = -o**3 + 75*o**2 + 119*o + 598. What is h(77)?
-2097
Let w(a) = -9*a**2 + 3218*a + 48031. Give w(372).
-329
Let t(r) = -2361754*r + 42511570. Calculate t(18).
-2
Let p(z) = -4*z**3 + 943*z**2 - 1632*z - 1403. Calculate p(234).
1
Let y(b) = 2*b**3 + 51*b**2 + 26826*b + 586790. Give y(-22).
6
Let a(f) = 8*f**2 + 1342*f - 8684. What is a(-174)?
16
Let r(g) = -43*g**2 + 4284*g + 19578. Determine r(104).
26
Let i(o) = -413*o**2 + 238*o + 813. Give i(-3).
-3618
Let d(f) = -28*f**2 - 504*f - 1139. Give d(-17).
-663
Let h(i) = -1302*i - 1578. Give h(-1).
-276
Let q(m) = m**2 + 45413*m - 2546268. Calculate q(56).
-4
Let v(j) = -j**3 - 405*j**2 - 1208*j - 820. Calculate v(-402).
-16
Let u(f) = 1152*f**2 - 52080*f + 10790. Give u(45).
-10
Let r(s) = -423*s**2 + 4191*s + 369. Give r(10).
-21
Let v(o) = 3*o**3 + 398*o**2 - 143*o - 1776. Calculate v(-133).
-446
Let w(p) = 5969*p + 1056516. Determine w(-177).
3
Let s(a) = -597*a - 162374. Calculate s(-272).
10
Let v(i) = 2*i**2 + 80*i + 1294. What is v(-22)?
502
Let g(o) = 19883*o + 198851. What is g(-10)?
21
Let u(g) = -56*g - 4476. Determine u(-71).
-500
Let l(h) = -h**3 - 44*h**2 - 60*h + 790. Calculate l(-42).
-218
Let r(c) = -475*c - 2177. Determine r(-5).
198
Let p(i) = -i**2 + 395*i + 19674. What is p(-45)?
-126
Let d(p) = -p**3 - 46*p**2 + 28693*p + 2808. Give d(148).
-4
Let a(i) = i**2 - 6*i - 328. What is a(-31)?
819
Let l(o) = 4025*o + 1227583. Calculate l(-305).
-42
Let k(v) = -2622*v + 26017. Give k(11).
-2825
Let o(g) = -602*g - 55958. What is o(-93)?
28
Let w(h) = 15*h**3 - 204*h**2 - 37*h + 141. Calculate w(14).
799
Let j(n) = 81*n**2 - 106*n - 106. Calculate j(-1).
81
Let k(n) = n**3 - 50*n**2 + 193*n - 2442. Determine k(47).
2
Let c(i) = -100982*i + 13935522. What is c(138)?
6
Let n(o) = -2*o**3 + 171*o**2 - 1578*o + 226. Give n(75).
1
Let u(h) = -h**3 + 99*h**2 - 173*h - 27928. Calculate u(94).
-10
Let q(j) = -10*j**2 + 133*j - 570. Determine q(20).
-1910
Let o(x) = -x**2 - 670*x - 23061. Calculate o(-36).
-237
Let k(w) = 30149*w - 180890. Give k(6).
4
Let z(q) = -q**3 + 43*q**2 - 951*q + 15797. What is z(29)?
-8
Let z(u) = -u**2 - 39659*u - 356825. What is z(-9)?
25
Let m(g) = 2*g**3 - 187*g**2 + 206*g - 10564. Calculate m(93).
-55
Let a(d) = 2*d**2 + 149216*d + 895231. Calculate a(-6).
7
Let a(h) = -29*h**2 - 182*h + 972. What is a(5)?
-663
Let h(g) = -142*g**2 - 1297*g - 177. Determine h(-9).
-6
Let k(g) = -32317*g - 452442. Calculate k(-14).
-4
Let u(t) = 3*t**2 - 1832*t + 70077. What is u(41)?
8
Let q(l) = -5788*l - 29091. Calculate q(-5).
-151
Let m(a) = -3266*a - 13269. Give m(-4).
-205
Let c(j) = -j**3 + 116*j**2 + 1170*j - 876. What is c(-10)?
24
Let b(u) = -10*u**3 + 120*u**2 - 5*u + 213. Give b(12).
153
Let z(a) = a**2 + 324*a + 17601. Determine z(-71).
-362
Let d(t) = 144903*t - 18257786. Calculate d(126).
-8
Let q(u) = u**3 - 46*u**2 - 1315*u + 104. Calculate q(-20).
4
Let w(y) = y**3 + 274*y**2 - 540*y + 3317. Calculate w(-276).
5
Let g(t) = 29*t - 307. Calculate g(-19).
-858
Let s(p) = -p**3 - 106*p**2 - 599*p - 25. Give s(-100).
-125
Let c(i) = 3690*i - 121751. Determine c(33).
19
Let o(u) = u**2 + 7209*u + 50417. Give o(-7).
3
Let m(u) = -4150*u - 2079119. Give m(-501).
31
Let u(s) = -s**2 - 505*s - 48954. What is u(-131)?
40
Let f(i) = 1974*i + 9250. Determine f(-5).
-620
Let r(w) = -1726*w - 2469. What is r(-2)?
983
Let r(n) = -6*n**3 - 81*n**2 + 31*n - 44. Give r(-14).
110
Let m(a) = a**2 + 72025*a + 28. Calculate m(0).
28
Let i(q) = -q**2 + 1502*q - 389263. Give i(333).
14
Let r(j) = -12632*j - 102666. Calculate r(-8).
-1610
Let z(u) = 55*u**2 + 261*u. What is z(-5)?
70
Let j(w) = -w**3 + 1006*w**2 - 4215*w + 207640. Give j(1002).
226
Let q(r) = -20*r**2 - 241*r + 2143. Give q(6).
-23
Let y(r) = -662*r - 162723. Determine y(-245).
-533
Let k(i) = -184*i**3 - 247*i**2 - 248*i - 2. What is k(-1)?
183
Let z(h) = 6*h**2 + 359*h - 317. What is z(-61)?
110
Let p(n) = -120*n + 6275. Give p(45).
875
Let o(z) = -z**3 + 306*z**2 + 2199*z - 2549. Calculate o(313).
-45
Let p(i) = i**2 + 1463670*i + 11709304. Give p(-8).
8
Let g(z) = z**3 - 34*z**2 - 940*z + 182. Determine g(52).
-26
Let v(n) = -n**3 + 255*n**2 - 7158*n + 4903. Determine v(223).
-3
Let x(w) = 2*w**2 - 1308*w + 74164. What is x(63)?
-302
Let r(d) = 11*d**2 + 3609*d + 31913. Calculate r(-319).
13
Let w(c) = 8*c**2 + 1053*c - 1051. Determine w(1).
10
Let l(x) = 14*x**2 - 6147*x + 440. What is l(439)?
1
Let n(d) = -d**2 - 460*d - 42494. Calculate n(-128).
2
Let g(u) = 3*u**3 - 6*u**2 + 13*u - 27. Give g(5).
263
Let r(q) = -6424*q + 6377. Calculate r(1).
-47
Let h(o) = 240*o**2 + 67928*o + 2263. Determine h(-283).
-1
Let k(x) = -x**3 + 14*x**2 + 506*x - 42. Give k(-17).
315
Let v(b) = b**2 - 21340*b + 234587. Give v(11).
-32
Let b(p) = -4*p**3 - 770*p**2 - 1189*p - 8236. Calculate b(-191).
-23
Let u(x) = -x**3 + 29*x**2 - 15*x + 172. Calculate u(28).
536
Let g(p) = 205*p**2 - 1027*p - 6. Determine g(5).
-16
Let z(j) = 34*j**3 + 12032*j**2 - 1415*j + 312. Calculate z(-354).
-42
Let j(n) = -10*n**3 - 444*n**2 + 299*n + 670. Give j(-45).
-635
Let h(o) = -2*o**3 - 18*o**2 + 200*o - 28. Give h(6).
92
Let j(r) = -r**3 + 23*r**2 - 113*r - 414. Determine j(13).
-193
Let k(g) = 128*g + 4092. Determine k(-41).
-1156
Let h(i) = -i**2 - 23590*i + 543081. Determine h(23).
-18
Let l(n) = -287*n - 23711. Give l(-83).
110
Let f(o) = 43*o**2 + 191*o - 1171. Determine f(6).
1523
Let c(n) = n**3 - 167*n**2 - 866*n + 1230. What is c(172)?
198
Let f(i) = 1326*i - 1686. Give f(2).
966
Let y(g) = 7500*g + 157300. Calculate y(-21).
-200
Let g(n) = n**2 - 4056*n + 92824. Give g(23).
65
Let o(h) = 4024*h + 60380. Give o(-15).
20
Let s(r) = -228*r**2 + 5940*r - 187. Give s(26).
125
Let x(p) = 24966*p**2 - 574218*p - 2. Determine x(23).
-2
Let p(g) = -10*g**3 - 6*g**2 + 42*g + 137. Give p(5).
-1053
Let m(j) = -68568*j - 1714200. Determine m(-25).
0
Let p(j) = j**3 + 106*j**2 - 1946*j + 603. Give p(-122).
-129
Let y(g) = -g**3 + 77*g**2 - 40*g + 9214. Give y(78).
10
Let o(c) = -155823*c - 467473. Give o(-3).
-4
Let j(f) = -65*f**2 + 4300*f - 16742. Give j(62).
-2
Let r(a) = -3*a**3 - 7*a**2 + 82*a - 138. Determine r(4).
-114
Let m(r) = r**2 - 152*r + 5590. Calculate m(48).
